e remainder when 9 is divided by k?
4
Let w = 2541 - 2520. What is the remainder when 33 is divided by w?
12
Suppose -4*s - s = -z - 397, -2*z = -6. Calculate the remainder when s is divided by 31.
18
Suppose 0 = 4*w - 5*h + 709, -3*h - 186 = w + 4. Let o = -165 - w. What is the remainder when 62 is divided by o?
14
Let s(a) = 372*a**2 + 3*a - 2. Let v be s(1). Suppose -117 = 4*l - v. Suppose -150 = -8*y - 62. Calculate the remainder when l is divided by y.
9
Suppose 0 = -5*y + 20*k - 21*k + 136, -k - 26 = -y. Calculate the remainder when 726 is divided by y.
24
Suppose 0 = 2*m - 3*q - 80 - 15, -4*q = m - 53. Let k = 4 + 14. Calculate the remainder when m is divided by k.
13
Let o(r) = -r**3 + 4*r**2 + 7*r - 6. Let v(d) = 10*d + 522. Suppose 33*y + 1805 - 122 = 0. What is the remainder when v(y) is divided by o(5)?
0
Suppose 0 = -q + 7*q + 360. Let t = -84 - q. What is the remainder when 15 is divided by (-3)/(-3 + t/(-9))?
6
Suppose -10*a - a + 24 = -64. Let b(w) = 2*w**2 - 14*w + 39. Calculate the remainder when b(6) is divided by a.
3
Let l(o) = 2*o + 12. Let r(p) = 6*p - 5. Let w be r(3). Let g be l(w). Let h = -3 + g. What is the remainder when 209 is divided by h?
34
Suppose -3*w = 3*r + 69, -3*r + 77 = -4*w - 4*r. Let t(d) = -d**2 + 17*d + 4. Let i be t(10). Let s = i + w. What is the remainder when s is divided by 19?
18
What is the remainder when (-111573)/161*(-6)/9 is divided by 68?
54
Suppose 115*f - 2661 - 3228 = -369. What is the remainder when 103 is divided by f?
7
Calculate the remainder when 325 is divided by (3/(-7))/(115/(-4830)).
1
Suppose -3*a + 23 = -13. Let p(q) = q - 3. Let r be p(8). Suppose 3*y = -0*g - 2*g + 319, -r*y = -5*g - 515. Calculate the remainder when y is divided by a.
9
Let w(q) = 5*q**2 - 2*q - 2. Let u(k) = -2*k**2 + 6*k + 176. What is the remainder when u(-5) is divided by w(2)?
12
Let d(x) = -2305*x - 16119. Suppose -3*b + 140 = 14. Calculate the remainder when b is divided by d(-7).
10
Let o be (-2)/(-4) - 258/12. Let c = 111 + o. Suppose 3*z - 92 = -z. Calculate the remainder when c is divided by z.
21
Calculate the remainder when ((-30)/12 - -13)*28/3 is divided by 43.
12
Let f(k) = 3*k**3 + 106*k**2 - 1016*k - 83. Suppose -n = -5*w + 105, -w + 4*n = 2*w - 46. Calculate the remainder when f(8) is divided by w.
21
Let m(z) = -z**3 - 4*z**2 + 4*z. Let b(u) = 5*u**3 + 21*u**2 - 19*u + 1. Let s(y) = 2*b(y) + 11*m(y). What is the remainder when 12 is divided by s(-4)?
2
Suppose 2*a + m = 0, 0 = 4*a + 42*m - 37*m. Suppose a = -4*s - 634 + 810. Calculate the remainder when (1/(-3))/(2/(-1038)) is divided by s.
41
Let d(t) be the first derivative of t**3/3 - 11*t - 6354. Let r(m) = m**3 - m + 10. Let u be r(0). Calculate the remainder when d(u) is divided by 18.
17
Let t(f) = -f**3 - 7*f**2 - 13*f + 4. Let b = 565 - 568. Calculate the remainder when 115 is divided by t(b).
3
Let k be 2856/1190 + 2/(-10)*2. Let m(o) = o**3 + 2*o**2 - o - 6. Calculate the remainder when (-508)/(-14) - (-4)/(-14) is divided by m(k).
4
Calculate the remainder when 57474/837*(-6)/(-4) is divided by 4/(((-12)/(-14))/3).
5
Let i = -3 - -6. Suppose -73*r = 358*r - 6034. What is the remainder when r is divided by i?
2
Suppose d - 4*d = 2*m + 57, 3*d = 5*m + 111. Calculate the remainder when 164 is divided by (-1328)/m + 7/(-21).
54
Suppose -2*f + 223 = 5*v + 33, -114 = -3*v + 4*f. Suppose 0 = 13*m - 2803 - 629. What is the remainder when m is divided by v?
36
Let t(x) = 5*x - 8. Let q(l) = 6*l - 7. Let j(c) = 3*q(c) - 4*t(c). What is the remainder when 28 is divided by j(3)?
3
Suppose 7*a - 656 - 590 = 0. Calculate the remainder when a is divided by 64.
50
Suppose -4*s + 269 = 273. Calculate the remainder when 71 is divided by 123/s*(-16)/48.
30
Suppose 3857 = 3*r + 2*d, -d - 2757 = -4*r + 2360. Calculate the remainder when r is divided by 15.
6
Suppose 3*w = -2*s + 3306 + 5323, 4*s - w - 17279 = 0. Calculate the remainder when s is divided by 120.
119
Let a be -5 + 1*2/2. What is the remainder when 69 is divided by -6*((-66)/36 + a)?
34
Calculate the remainder when 138 - ((2 - 1) + 1) is divided by 432/2160 - (-418)/10.
10
Let c be 7/(42/(-18)) + 718. Calculate the remainder when (c - (-40)/(-8)) + -1 is divided by 79.
77
Suppose 6*q + 10 = 220. Suppose u = 5, -2*u = -2*j + 9 + 5. Calculate the remainder when q is divided by j.
11
Let r(l) = l**3 + 4*l**2 - 2*l - 6. Let f be r(-4). Suppose 0 = 4*g, -7*n + 3*n + f*g + 16 = 0. Calculate the remainder when (-93)/31*44/(-6) is divided by n.
2
Let d be ((-36)/(-15))/(7/35). Suppose -22*n + d*n = -2310. What is the remainder when n is divided by 29?
28
Let k = 138 + -98. Let s = 17294 + -17176. Calculate the remainder when s is divided by k.
38
Let v(p) = p + 5*p - 1 + p - 3*p - 3*p**2. Let i be v(2). What is the remainder when 35 is divided by 4/20 - 94/i?
16
Suppose -25*g - 57 = -6*g. What is the remainder when (-108)/(-27)*(-3)/6*g is divided by 4?
2
Let b = -55 + 241. Let y = -88 + b. Calculate the remainder when y is divided by 10.
8
Let y(m) = -41*m**3 + m**2 + m + 1. Let u be y(-1). Let c be ((-42)/(-4))/(u/(-56)). What is the remainder when -1 + 2/c + (-1641)/(-21) is divided by 16?
13
Suppose -6*o + 5*o = 19 - 267. What is the remainder when 834 is divided by o?
90
Let d be -2 - (4/(-10) - (-16)/(-10)). Suppose -t - g + 98 + 19 = d, -493 = -4*t + g. What is the remainder when t is divided by 31?
29
Suppose -4663 = -9*i - 4*h, 2*h = 62*i - 60*i - 1016. What is the remainder when i is divided by 8?
3
Let j be 6/(-27) - 398/(-9). Let b = j + -25. Suppose b = -5*w + 6*w. What is the remainder when w is divided by 11?
8
Suppose -2*j - 10 = -22, -68823 = -55*z - 3*j. What is the remainder when z is divided by 36?
27
Let n(k) = 144*k**2 + k - 1. Let h = 128718 - 128681. Calculate the remainder when n(1) is divided by h.
33
Suppose 15*g - 233 = 22. Suppose -336 = -g*t + 10*t. Calculate the remainder when t is divided by 19.
10
Let g(j) = 63*j**2 + 5*j - 3. Let x(l) = l**2 + 19*l + 79. Let v be x(-6). Let m = 95 + -60. What is the remainder when g(v) is divided by m?
30
Let u = 7 - -7. Let n = -285540 - -285542. What is the remainder when u is divided by n?
0
What is the remainder when ((-235)/(-170) - 20/(-170))/((-6)/(-6436)) is divided by 35?
34
Calculate the remainder when (-1825)/((-77)/(-14) - 8) is divided by 95.
65
Suppose -9*z + 85 = -878. Let m = z + -87. What is the remainder when 34 is divided by m?
14
Let z(s) = -10*s - 23. Let w be z(-19). Let f = w + -87. Calculate the remainder when f is divided by 21.
17
Suppose -165 = -3*f - g, 4*f + 4*g - 220 = -0*g. Suppose -113*x - 1125 = -138*x. What is the remainder when f is divided by x?
10
Let i = -28 - -37. Suppose -1014 = -31*o - 8*o. Calculate the remainder when o is divided by i.
8
Let g(m) = 8*m + 138. Let c(h) = -3*h**2 + 68*h + 9. Let r be c(23). Calculate the remainder when 181 is divided by g(r).
25
Let k(w) be the second derivative of -11*w**3/6 + 11*w**2/2 + w + 16. Calculate the remainder when k(-8) is divided by 34.
31
Let p be (73/4)/((-3)/12). Let w be (-2 - p)*(-2 - -3). Suppose 94 = 11*g - w. Calculate the remainder when 117 is divided by g.
12
Suppose 0 = 162*n - 167*n + 325. Suppose -5*m + 2*z + n = 0, m - 2*z - 16 = -z. Calculate the remainder when 49 is divided by m.
5
Let o(k) = 5*k - 43. Let p be o(9). Suppose 3 = p*d - 25. What is the remainder when 25 is divided by d?
11
Suppose 2*i = 6, 3*r - 3*i = -5*i - 105. Let h = -68 + 27. Let t = r - h. What is the remainder when 8 is divided by t?
0
Suppose -2*l + x = -3*l + 6, 3*x = -l + 14. Suppose l - 51 = n + i, 245 = -5*n - 4*i. What is the remainder when 2/(-4) + n/(-2) is divided by 5?
4
Suppose -51 - 93 = -2*p + 4*z, 4*p + z - 288 = 0. Suppose -3266 + 1122 = -32*y. Calculate the remainder when y is divided by (-256)/(-18) - 16/p.
11
Let r = -2701 - -2731. Calculate the remainder when (36/(-45))/(4/(-430)) is divided by r.
26
Suppose 2*m - 5*m = -291. Let j(i) = -45*i - 251. Calculate the remainder when m is divided by j(-6).
2
Let y = 1479 + -1419. What is the remainder when y is divided by 13?
8
Let t(z) = z + 13. Let i = 8 - 21. Let v be t(i). Suppose v = -5*p + 18 + 87. Calculate the remainder when 58 is divided by p.
16
Let f(x) = x + 11. Let k 